 - 7*w**2 + w + 8. Give c(7).
15
Let k(z) = 4*z**2 + 163*z - 44. Determine k(-41).
-3
Let k(o) = 18*o. What is k(-2)?
-36
Let j(h) = 38*h + 35. Calculate j(-1).
-3
Let j(b) = 2*b**2 + 16*b - 8. Give j(-9).
10
Let g(x) = x**3 + 7*x**2 + 8*x + 2. What is g(-2)?
6
Let j(g) = 18*g + 80. Calculate j(-4).
8
Let a(k) = -k**3 - 10*k**2 + 13*k + 14. Give a(-11).
-8
Let r(w) = -w**2 - 3*w - 14. Determine r(-7).
-42
Let d(i) = i**2 - 21*i + 53. Calculate d(18).
-1
Let y(n) = n**2 - n + 1. Calculate y(0).
1
Let v(o) = -o**2 + 26*o - 25. Calculate v(23).
44
Let w(v) = v**2 + 37*v - 11. What is w(0)?
-11
Let q(w) = -w**3 + 2*w - 13. What is q(0)?
-13
Let h(z) = -18*z + 102. Determine h(5).
12
Let c(j) = j**3 - 15*j**2 + 4*j - 58. Give c(15).
2
Let r(n) = n**2 - 17*n + 62. What is r(7)?
-8
Let u(k) = 14*k - 25. Calculate u(4).
31
Let v(z) = -z**3 - 5*z**2 + 8*z - 27. Determine v(-7).
15
Let t(z) = -z**2 + 16*z - 2. What is t(19)?
-59
Let z(n) = n**2 - 11*n - 13. Calculate z(12).
-1
Let z(n) = n**3 + 11*n**2 - 13*n - 13. Calculate z(-12).
-1
Let g(o) = -2*o - 4. Determine g(13).
-30
Let u(n) = -n**3 - n**2 - 2*n + 1. Calculate u(0).
1
Let k(d) = -d**3 - 18*d**2 - 4*d - 86. Determine k(-18).
-14
Let z(q) = q - 34. Calculate z(14).
-20
Let u(x) = 7*x**2 - 2*x + 2. What is u(1)?
7
Let r(s) = -s**3 - 5*s**2 + 5*s + 1. Calculate r(-5).
-24
Let t(k) = -k**2 + 13*k - 42. Calculate t(6).
0
Let z(l) = -l**2 + 21*l + 431. Determine z(34).
-11
Let k(h) = h**3 + 3*h**2 - h - 3. Determine k(-5).
-48
Let a(c) = -4*c**2 + 9*c + 33. Give a(6).
-57
Let a(j) = 3*j - 9. What is a(6)?
9
Let q(a) = -a**3 + 11*a**2 + 12*a + 16. Determine q(12).
16
Let k(c) = 3*c**3 - 2*c**2 + 2*c - 1. Determine k(1).
2
Let t(b) = -5*b - 228. Determine t(-43).
-13
Let m(b) = 3*b**2 + 26*b + 36. Give m(-8).
20
Let i(j) = j**2 - j - 18. Give i(0).
-18
Let y(l) = l**3 + 8*l**2 - 5*l. What is y(-8)?
40
Let n(v) = v**3 + v**2 + 2*v + 4. Determine n(4).
92
Let l(n) = n**3 + 3*n**2 - 6*n - 8. Determine l(-1).
0
Let j(y) = -7*y + 14. Calculate j(4).
-14
Let d(c) = 5*c + 45. What is d(-10)?
-5
Let a(n) = -8*n + 5. Determine a(1).
-3
Let m(p) = 4*p - 8. Calculate m(3).
4
Let a(j) = j**3 - 11*j**2 + 9*j + 13. Calculate a(9).
-68
Let r(y) = 3*y**2 - 4*y + 5. Calculate r(1).
4
Let j(c) = -c**3 - 9*c**2 - 18*c - 5. What is j(-3)?
-5
Let m(h) = -h**3 - 7*h**2 - 5*h + 1. Give m(-5).
-24
Let m(b) = b**3 + 10*b**2 + 15*b + 9. Give m(-7).
51
Let b(a) = -3*a - 15. Calculate b(0).
-15
Let i(n) = -2*n**2 + n + 3. Determine i(0).
3
Let l(t) = -3*t**2 - 9*t + 17. Calculate l(-5).
-13
Let j(q) = 10*q - 135. Calculate j(13).
-5
Let j(w) = -2*w - 24. Calculate j(-7).
-10
Let n(p) = 4*p**2 - p - 1. Give n(-3).
38
Let i(t) = -8*t + 4. Give i(6).
-44
Let c(z) = -4*z - 2. What is c(-6)?
22
Let h(p) = -13*p - 35. Give h(-5).
30
Let s(l) = -l**3 + 25*l**2 - 21*l - 58. Give s(24).
14
Let u(d) = 40*d**2 + d + 2. Determine u(-1).
41
Let v(n) = 16*n + 167. Determine v(-11).
-9
Let h(l) = -2*l**2 + 52*l - 260. Give h(19).
6
Let u(k) = -k**2 + 26. Determine u(0).
26
Let h(p) = p**3 + 17*p**2 + 26*p - 63. Calculate h(-15).
-3
Let x(g) = g**2 - 2*g - 21. Determine x(0).
-21
Let y(h) = -h**3 - 18*h**2 - 15*h + 21. Give y(-17).
-13
Let g(d) = -12*d**3 - d**2 - 2*d + 3. Give g(2).
-101
Let z(v) = -v**3 + 7*v**2 - v + 7. Give z(7).
0
Let v(y) = -y**3 + y - 2. What is v(2)?
-8
Let a(q) = q**3 - 6*q**2 + 16*q - 85. Give a(6).
11
Let r(p) = 2*p**3 - 9*p**2 + 7*p - 9. Determine r(4).
3
Let q(n) = 22*n + 5. Calculate q(-1).
-17
Let k(c) = -c**3 + 9*c**2 + c - 72. Give k(8).
0
Let f(p) = 6*p - 10. Give f(7).
32
Let m(f) = f**2 + 3*f - 4. Give m(-3).
-4
Let b(f) = f - 7. Determine b(-2).
-9
Let n(j) = -j**3 + 9*j**2 + 6*j - 14. What is n(10)?
-54
Let r(k) = -k**2 + k + 6. Calculate r(7).
-36
Let o(w) = -58*w - 10. Determine o(0).
-10
Let a(s) = -s**3 + 7*s**2 - 8*s - 14. Calculate a(6).
-26
Let r(z) = 11*z + 72. Calculate r(-5).
17
Let i(u) = u**3 - 7*u**2 - 5*u + 30. What is i(7)?
-5
Let x(t) = -t**3 + 5*t**2 + 4*t - 7. Calculate x(6).
-19
Let g(a) = a**2 + 24*a - 36. Give g(-26).
16
Let r(l) = -5*l**3 - 3*l**2 + 3*l - 1. Calculate r(2).
-47
Let b(k) = 2*k + 29. Determine b(-17).
-5
Let v(j) = -2*j + 27. Calculate v(14).
-1
Let c(t) = -13*t**2 + 105. Determine c(0).
105
Let m(b) = b**3 - 5*b**2 + 7*b - 4. Determine m(2).
-2
Let r(f) = -6*f - 28. What is r(-18)?
80
Let h(m) = m**3 - 8*m**2 - 2*m + 12. What is h(8)?
-4
Let d(m) = m**3 - 10*m**2 + 9*m + 5. Determine d(9).
5
Let q(d) = d + 2. Calculate q(-12).
-10
Let z(w) = w**3 - 28*w**2 + w - 14. Determine z(28).
14
Let a(h) = 18*h**3 - 2*h**2 - 2*h - 1. Give a(-1).
-19
Let u(r) = r**3 - 6*r**2 + 6*r. Determine u(4).
-8
Let k(w) = w**3 + 13*w**2 - 13*w + 9. Determine k(-14).
-5
Let t(q) = -q**2 + 10*q + 5. Calculate t(8).
21
Let l(y) = y**3 + 6*y**2 - 9*y + 8. Determine l(-7).
22
Let j(n) = n**3 - 4*n**2 + n + 12. Determine j(4).
16
Let y(d) = -7*d - 41. What is y(-6)?
1
Let o(c) = -c**3 + 10*c**2 - 8*c - 6. Determine o(9).
3
Let m(j) = j**2 - 29*j + 2. What is m(28)?
-26
Let m(o) = -5*o + 153. Give m(30).
3
Let c(u) = u**2 + 5*u - 2. What is c(-6)?
4
Let t(p) = -p + 7. Determine t(-4).
11
Let n(r) = r**3 + 15*r**2 + 51*r + 3. Give n(-5).
-2
Let g(o) = -3*o**2 + 7*o + 6. Calculate g(4).
-14
Let v(a) = -a**2 + 9*a + 12. What is v(12)?
-24
Let y(h) = h**3 + 26*h**2 - 29*h - 67. Give y(-27).
-13
Let d(o) = 2*o**3 - 60*o**2 - 4*o + 125. Give d(30).
5
Let d(j) = j - 2. Determine d(-2).
-4
Let j(y) = y**2 - 3*y - 2. Calculate j(-3).
16
Let g(i) = 20*i + 74. Determine g(-4).
-6
Let b(d) = -d**3 + 25*d - 2. Determine b(5).
-2
Let z(s) = s**2 - s - 6. What is z(2)?
-4
Let p(h) = 2*h**3 - 38*h**2 + 4*h - 81. Give p(19).
-5
Let t(b) = 3*b**3 - 5*b. Determine t(3).
66
Let m(z) = -4*z**2 + 23*z + 21. Calculate m(8).
-51
Let b(s) = -2*s**2 + 8*s - 10. Give b(3).
-4
Let u(h) = h**3 + 12*h**2 + 13*h + 26. Give u(-11).
4
Let j(k) = -3*k**3 - 25*k**2 - 5*k + 1. Determine j(-8).
-23
Let y(t) = -16*t + 2. Determine y(0).
2
Let c(b) = 10*b**2 + 47*b - 1. Give c(-6).
77
Let q(o) = 14*o + 2. Calculate q(-5).
-68
Let h(l) = -3*l - 11. Give h(-3).
-2
Let c(t) = t**3 + t**2 + 2*t + 2. Give c(-2).
-6
Let m(b) = -b**3 - 3*b**2 + 19*b - 7. Calculate m(-6).
-13
Let f(g) = -g**2 + 7*g + 1. Calculate f(9).
-17
Let w(n) = n - 7. What is w(11)?
4
Let q(j) = -2*j**2 - 6*j + 5. Calculate q(-5).
-15
Let u(r) = 91*r + 171. What is u(-2)?
-11
Let z(x) = -x**3 - 7*x**2 - 18*x - 4. Determine z(-4).
20
Let w(u) = -2*u - 4. Give w(-7).
10
Let z(w) = -w**2 - 7*w - 8. What is z(-6)?
-2
Let n(w) = -w**3 + 15*w**2 + w - 9. What is n(15)?
6
Let x(j) = -j**3 + 10*j**2 + 2*j + 1. What is x(10)?
21
Let n(w) = 2*w**3 + 12*w**2 - 15*w + 9. What is n(-7)?
16
Let v(g) = 12*g - 2. Give v(-4).
-50
Let g(k) = k**3 - 13*k**2 + 5. Determine g(13).
5
Let b(c) = -c - 1. What is b(-1)?
0
Let w(o) = -o**2 - 8*o - 12. Calculate w(-8).
-12
Let n(z) = 44*z**2 - z + 2. What is n(1)?
45
Let i(w) = -w**2 + 3*w + 7. Determine i(-2).
-3
Let f(x) = x - 1. Determine f(2).
1
Let q(g) = -2*g + 24. Calculate q(0).
24
Let d(p) = -3*p + 13. What is d(2)?
7
Let z(x) = -23*x - 64. Determine z(-2).
-18
Let u(q) = 2*q**2 - 32*q + 38. Give u(8).
-90
Let g(z) = -z**3 + 8*z**2 + 10*z - 9. Give g(9).
0
Let p(h) = h**2 + 2*h - 12. Determine p(-4).
-4
Let m(n) = 7*n**2 - 70*n - 11. Give m(10).
-11
Let t(h) = -h**3 + 30*h**2 - h + 37. Give t(30).
7
Let q(o) = -o**3 + 13*o**2 - 4*o + 51. What is q(13)?
-1
Let x(d) = -5*d. Determine x(-2).
10
Let a(b) = 2*b - 7. What is a(0)?
-7
Let z(x) = x**3 + 4*x**2 - 5*x + 1. Give z(-5).
1
Let i(g) = -g**3 - 8*g**2 + 9*g - 4. Determine i(-10).
106
Let c(d) = -d**3 + 10*d**2 - 9*d - 8. What is c(9)?
-8
Let x(h) = 3*h**2 - 5*h - 9. Determine x(4).
19
Let s(y) = -y**2 + 7*y - 1. What is s(10)?
-31
Let q(f) = -2*f**3 - 16*f**2 + 8*f - 70. Calculate q(-9).
20
Let y(p) = -p**3 + 39*p**2 - 39*p + 44. Determine y(38).
6
Let j(o) = 71*o - 713. Determine j(10).
-3
Let i(y) = 9*y + 1. What is i(1)?
10
Let a(y) = y**3 - 6*y**2 - 20*y - 66. Determine a(9).
-3
Let k(z) = z**3 - 6*z**2 + 13*z - 40. Give k(6).
38
Let f(l) = -l**3 + 19*l**2 + 18*l + 39. Give f(20).
-1
Let f(g) = 2*g. What is f(0)?
0
Let b(n) = n**2 + 26*n + 159. Determine b(-17).
6
Let s(n) = -n*